 prime factors of 1701176685?
3, 5, 13, 19, 29, 71, 223
List the prime factors of 429524528.
2, 41, 109, 6007
What are the prime factors of 3564475567?
1289, 2765303
List the prime factors of 60792096.
2, 3, 19, 33329
What are the prime factors of 23572743?
3, 7857581
What are the prime factors of 172960620?
2, 3, 5, 7, 43, 61, 157
List the prime factors of 21420270.
2, 3, 5, 29, 283
List the prime factors of 2323824731.
2323824731
List the prime factors of 360746101.
31, 71, 163901
List the prime factors of 438174189.
3, 1499, 32479
What are the prime factors of 539660587?
401, 1345787
List the prime factors of 4592902948.
2, 79, 149, 97547
What are the prime factors of 113482550?
2, 5, 307, 7393
What are the prime factors of 93042546?
2, 3, 15507091
What are the prime factors of 3439950029?
401, 2143, 4003
What are the prime factors of 1956097825?
5, 11, 277, 25679
What are the prime factors of 78694831?
78694831
What are the prime factors of 2093192072?
2, 73, 953, 3761
What are the prime factors of 59314504?
2, 19, 317, 1231
List the prime factors of 2170287903.
3, 7, 103347043
What are the prime factors of 1257296392?
2, 11, 29, 492671
List the prime factors of 126282794.
2, 11, 311, 18457
What are the prime factors of 96780253?
1009, 95917
What are the prime factors of 374403655?
5, 74880731
List the prime factors of 1713530084.
2, 7, 23, 31, 85831
What are the prime factors of 715315324?
2, 17, 10519343
What are the prime factors of 1306667110?
2, 5, 7, 79, 236287
What are the prime factors of 7350025113?
3, 19, 151, 281, 1013
List the prime factors of 741299658.
2, 3, 11, 53, 67, 3163
List the prime factors of 176160039.
3, 11, 19, 280957
What are the prime factors of 28097141?
17, 1652773
List the prime factors of 53097703.
97, 547399
List the prime factors of 96057409.
7, 2203, 6229
List the prime factors of 37624086.
2, 3, 2090227
What are the prime factors of 993312431?
17, 23, 2540441
What are the prime factors of 174577661?
12973, 13457
List the prime factors of 2304643352.
2, 11, 17, 139, 11083
What are the prime factors of 4207957948?
2, 1051989487
List the prime factors of 2541078497.
1873, 1356689
List the prime factors of 4355369925.
3, 5, 58071599
List the prime factors of 1174068767.
19, 131, 471703
List the prime factors of 219955744.
2, 157, 43781
List the prime factors of 26986234.
2, 11, 313, 3919
What are the prime factors of 45879460?
2, 5, 11, 107, 1949
What are the prime factors of 13454271?
3, 883, 1693
What are the prime factors of 1090931893?
1090931893
List the prime factors of 2675874799.
13, 41, 5020403
What are the prime factors of 198091825?
5, 113, 70121
List the prime factors of 5650543952.
2, 23, 15354739
List the prime factors of 1575048664.
2, 7, 71, 89, 4451
List the prime factors of 423932732.
2, 105983183
What are the prime factors of 352243500?
2, 3, 5, 7, 33547
What are the prime factors of 339231536?
2, 7, 617, 4909
List the prime factors of 27983465.
5, 379, 14767
List the prime factors of 698801982.
2, 3, 116466997
List the prime factors of 3245053070.
2, 5, 7, 181, 256121
List the prime factors of 81784299.
3, 41, 83, 8011
List the prime factors of 1496024116.
2, 374006029
What are the prime factors of 874116655?
5, 1913, 91387
What are the prime factors of 174812600?
2, 5, 874063
List the prime factors of 132719712.
2, 3, 19, 72763
List the prime factors of 271420142.
2, 7, 79, 245407
List the prime factors of 4572771417.
3, 29, 103, 170099
List the prime factors of 600665230.
2, 5, 11, 367, 14879
List the prime factors of 63647271.
3, 101, 70019
What are the prime factors of 3855613047?
3, 11, 13, 8987443
What are the prime factors of 209456099?
17, 977, 12611
List the prime factors of 4277697.
3, 1425899
What are the prime factors of 44488001?
29, 1534069
What are the prime factors of 2293684920?
2, 3, 5, 6371347
List the prime factors of 105190040.
2, 5, 23, 43, 2659
What are the prime factors of 24866095?
5, 397, 12527
List the prime factors of 373357850.
2, 5, 23, 97, 3347
List the prime factors of 283008210.
2, 3, 5, 9433607
List the prime factors of 47903834.
2, 11, 2177447
What are the prime factors of 92352971?
92352971
List the prime factors of 49779411.
3, 11, 19, 79393
List the prime factors of 117780319.
117780319
List the prime factors of 237081866.
2, 7, 37, 457687
List the prime factors of 2753645854.
2, 41, 109, 191, 1613
What are the prime factors of 3500479120?
2, 5, 43755989
What are the prime factors of 436014824?
2, 7, 61, 109, 1171
What are the prime factors of 146973570?
2, 3, 5, 43, 113933
What are the prime factors of 4542933722?
2, 71, 179, 367, 487
List the prime factors of 33543948.
2, 3, 1613, 1733
What are the prime factors of 1171409500?
2, 5, 2342819
List the prime factors of 297233480.
2, 5, 61, 1997
List the prime factors of 145142438.
2, 7, 109, 227, 419
List the prime factors of 23695780.
2, 5, 31, 38219
List the prime factors of 672280972.
2, 11, 37, 412949
List the prime factors of 51001829.
1187, 42967
List the prime factors of 189321354.
2, 3, 41, 233, 367
List the prime factors of 4439607464.
2, 31, 17901643
List the prime factors of 303123834.
2, 3, 13, 19, 29, 2351
List the prime factors of 484477216.
2, 43, 379, 929
List the prime factors of 8449956534.
2, 3, 1408326089
What are the prime factors of 57054586?
2, 1051, 27143
What are the prime factors of 227002839?
3, 7, 677, 2281
What are the prime factors of 597297718?
2, 19, 23, 683407
List the prime factors of 2804302831.
11, 254936621
List the prime factors of 910348750.
2, 5, 61, 11939
What are the prime factors of 13301129?
13301129
What are the prime factors of 2379037855?
5, 617, 771163
List the prime factors of 2827428642.
2, 3, 3467, 45307
What are the prime factors of 6170760666?
2, 3, 7, 23, 43, 2153
List the prime factors of 26488077.
3, 7, 11, 16381
List the prime factors of 4096888877.
223, 18371699
What are the prime factors of 28977421?
11, 89, 29599
What are the prime factors of 52451014?
2, 7, 11, 340591
What are the prime factors of 67614763?
17, 3977339
What are the prime factors of 1828722178?
2, 31, 79, 373361
List the prime factors of 15591142.
2, 7, 17, 109, 601
What are the prime factors of 161995670?
2, 5, 23, 113, 271
What are the prime factors of 1152952429?
21701, 53129
List the prime factors of 45024701.
45024701
What are the prime factors of 1096180989?
3, 23, 15886681
List the prime factors of 48838843.
59, 193, 4289
What are the prime factors of 114103328?
2, 41, 86969
List the prime factors of 1894041.
3, 389, 541
List the prime factors of 1469240656.
2, 13, 59, 119723
List the prime factors of 153300795.
3, 5, 10220053
List the prime factors of 1095833636.
2, 273958409
What are the prime factors of 28738449?
3, 17, 29, 127
What are the prime factors of 35835597?
3, 7, 31, 59, 311
What are the prime factors of 479103092?
2, 13, 937, 9833
What are the prime factors of 40210518?
2, 3, 6701753
What are the prime factors of 1358211370?
2, 5, 31, 227, 19301
What are the prime factors of 5178246809?
113, 4649, 9857
List the prime factors of 36872990.
2, 5, 7, 11, 6841
What are the prime factors of 64870282?
2, 41, 73, 10837
List the prime factors of 43187035.
5, 167, 51721
List the prime factors of 75391637.
75391637
What are the prime factors of 1143095472?
2, 3, 7938163
List the prime factors of 1273599645.
3, 5, 84906643
What are the prime factors of 773213080?
2, 5, 23, 29, 73, 397
What are the prime factors of 388110379?
139, 2792161
What are the prime factors of 871487495?
5, 174297499
List the prime factors of 239823505.
5, 17, 439, 6427
List the prime factors of 588405422.
2, 11, 103, 259667
What are the prime factors of 19609635?
3, 5, 1307309
What are the prime factors of 537582471?
3, 113, 311, 5099
List the prime factors of 4345966768.
2, 11, 13, 17, 111733
What are the prime factors of 89577580?
2, 5, 4478879
What are the prime factors of 26357511?
3, 8785837
What are the prime factors of 373393690?
2, 5, 37339369
List the prime factors of 1801939039.
1801939039
List the prime factors of 3010817354.
2, 37, 367, 110863
List the prime factors of 5180176.
2, 569
List the prime factors of 1485351003.
3, 701, 706301
What are the prime factors of 62691046?
2